alse
Is 1533841 a multiple of 153?
False
Is 33 a factor of 18843?
True
Does 3 divide 45370?
False
Is 44130 a multiple of 6?
True
Is 16 a factor of 5466394?
False
Is 369 a factor of 1200390?
False
Is 267 a factor of 4157190?
True
Is 54 a factor of 7011198?
True
Is 1701344 a multiple of 16?
True
Is 35 a factor of 127435?
True
Does 91 divide 1221857?
True
Does 148 divide 450432?
False
Is 250018 a multiple of 23?
False
Is 6156 a multiple of 3?
True
Is 7 a factor of 18417?
True
Does 25 divide 393467?
False
Is 463296 a multiple of 76?
True
Does 74 divide 1501312?
True
Is 2443837 a multiple of 105?
False
Does 251 divide 334681?
False
Does 5 divide 46743?
False
Is 126 a factor of 5254200?
True
Does 21 divide 6471717?
True
Does 122 divide 881018?
False
Is 842248 a multiple of 17?
True
Does 320 divide 1528320?
True
Is 893100 a multiple of 260?
True
Is 167398 a multiple of 30?
False
Does 443 divide 3379950?
False
Does 12 divide 535864?
False
Does 3 divide 325965?
True
Is 230353 a multiple of 7?
False
Is 7437188 a multiple of 46?
True
Is 5159700 a multiple of 135?
True
Does 10 divide 3487321?
False
Is 506 a factor of 21282866?
True
Is 55 a factor of 7482970?
True
Is 43 a factor of 150472?
False
Is 446147 a multiple of 19?
False
Does 230 divide 6198500?
True
Is 28603 a multiple of 14?
False
Is 17352 a multiple of 53?
False
Is 215813 a multiple of 191?
False
Is 379 a factor of 1533590?
False
Is 610 a factor of 45750?
True
Is 962550 a multiple of 9?
True
Does 83 divide 90018?
False
Is 305 a factor of 3650593?
False
Does 198 divide 3759228?
True
Is 19 a factor of 208183?
True
Is 16 a factor of 168000?
True
Is 16204 a multiple of 14?
False
Is 266 a factor of 1418717?
False
Is 29473454 a multiple of 30?
False
Is 316 a factor of 4054280?
True
Is 283500 a multiple of 26?
False
Is 933795 a multiple of 71?
False
Does 8 divide 148688?
True
Is 261520 a multiple of 16?
True
Is 28157501 a multiple of 49?
False
Is 131 a factor of 271786?
False
Is 171 a factor of 668268?
True
Does 771 divide 7986830?
False
Is 150365 a multiple of 85?
True
Does 5 divide 310215?
True
Does 270 divide 80460?
True
Does 54 divide 284796?
True
Is 20 a factor of 1556354?
False
Is 548 a factor of 2440756?
False
Is 31 a factor of 1043396?
False
Is 252 a factor of 569520?
True
Is 201 a factor of 102108?
True
Is 5571709 a multiple of 143?
True
Is 8451 a multiple of 57?
False
Does 63 divide 1577709?
True
Is 210 a factor of 1002960?
True
Is 7472670 a multiple of 6?
True
Is 7 a factor of 5295029?
False
Is 4840542 a multiple of 42?
True
Does 13 divide 230360?
True
Is 3724020 a multiple of 30?
True
Is 2517240 a multiple of 9?
False
Is 379 a factor of 269348?
False
Is 277564 a multiple of 32?
False
Is 11 a factor of 257653?
True
Is 177 a factor of 127263?
True
Is 61 a factor of 2353952?
False
Is 8892 a multiple of 18?
True
Is 518 a factor of 255892?
True
Is 3103503 a multiple of 13?
True
Is 271 a factor of 14956?
False
Does 221 divide 378711?
False
Is 566460 a multiple of 90?
True
Is 150107 a multiple of 3?
False
Is 66 a factor of 27060?
True
Is 110526 a multiple of 15?
False
Is 1952055 a multiple of 45?
True
Is 629 a factor of 2267916?
False
Does 7 divide 1104216?
False
Is 4118336 a multiple of 281?
True
Does 23 divide 12852708?
False
Is 220 a factor of 296780?
True
Is 15 a factor of 321795?
True
Is 98640 a multiple of 71?
False
Is 39 a factor of 56681?
False
Does 71 divide 736501?
False
Is 351 a factor of 67900?
False
Is 571062 a multiple of 12?
False
Is 56793 a multiple of 11?
True
Is 186 a factor of 1307109?
False
Does 19 divide 682841?
True
Is 5394165 a multiple of 245?
True
Is 1658160 a multiple of 126?
True
Does 36 divide 1284752?
False
Does 9 divide 51893?
False
Does 37 divide 223110?
True
Is 81 a factor of 183222?
True
Does 225 divide 737550?
True
Does 9 divide 320454?
True
Is 2613645 a multiple of 9?
True
Is 2811290 a multiple of 391?
True
Is 22 a factor of 403342?
False
Is 60975 a multiple of 75?
True
Is 572476 a multiple of 58?
False
Is 64638 a multiple of 19?
True
Is 225897 a multiple of 217?
True
Is 2677914 a multiple of 491?
True
Is 4049651 a multiple of 260?
False
Is 168 a factor of 682091?
False
Is 9 a factor of 806679?
True
Is 95 a factor of 275862?
False
Does 18 divide 2618874?
True
Is 5869468 a multiple of 44?
True
Does 167 divide 53106?
True
Does 46 divide 5220448?
True
Is 14232736 a multiple of 112?
True
Is 16 a factor of 482523?
False
Is 3076480 a multiple of 64?
True
Does 551 divide 503614?
True
Is 585 a factor of 94482?
False
Is 973028 a multiple of 40?
False
Does 43 divide 74390?
True
Is 1101820 a multiple of 20?
True
Is 13 a factor of 74141?
False
Is 245464 a multiple of 35?
False
Does 387 divide 480614?
False
Is 482694 a multiple of 9?
False
Is 5 a factor of 33427?
False
Is 292560 a multiple of 46?
True
Is 91 a factor of 300890?
False
Is 524937 a multiple of 101?
False
Does 16 divide 4344643?
False
Is 338808 a multiple of 38?
True
Does 52 divide 157144?
True
Does 37 divide 34780?
True
Does 572 divide 13437424?
True
Is 5198471 a multiple of 25?
False
Is 27 a factor of 26838?
True
Is 3 a factor of 3374?
False
Does 5 divide 482666?
False
Is 999360 a multiple of 10?
True
Is 23148 a multiple of 63?
False
Is 64757 a multiple of 34?
False
Does 180 divide 5158268?
False
Is 140 a factor of 85523?
False
Does 885 divide 2580660?
True
Is 18164388 a multiple of 341?
True
Is 51 a factor of 4358870?
False
Does 272 divide 312800?
True
Does 77 divide 83468?
True
Is 5330130 a multiple of 17?
False
Does 11 divide 332266?
True
Is 48890 a multiple of 28?
False
Is 144 a factor of 10126368?
True
Is 203707 a multiple of 6?
False
Does 16 divide 73947?
False
Is 7525008 a multiple of 216?
True
Is 477 a factor of 3349017?
True
Is 264960 a multiple of 368?
True
Is 15 a factor of 139038?
False
Is 30 a factor of 3755633?
False
Is 4 a factor of 130573?
False
Is 61 a factor of 782264?
True
Is 208 a factor of 269152?
True
Is 2058149 a multiple of 366?
False
Is 515863 a multiple of 167?
True
Does 20 divide 98204?
False
Is 10 a factor of 591990?
True
Is 173 a factor of 11370771?
True
Does 41 divide 330019?
False
Is 10 a factor of 3980?
True
Is 293576 a multiple of 37?
False
Is 226196 a multiple of 523?
False
Is 7 a factor of 58602?
False
Does 95 divide 778805?
False
Is 119002 a multiple of 299?
True
Is 711 a factor of 9658831?
False
Is 173637 a multiple of 11?
False
Does 1965 divide 2031810?
True
Does 108 divide 58536?
True
Is 7198829 a multiple of 43?
False
Does 170 divide 988550?
True
Is 14 a factor of 37901?
False
Is 3119012 a multiple of 26?
True
Is 683089 a multiple of 513?
False
Is 218 a factor of 167179?
False
Is 307 a factor of 621982?
True
Does 21 divide 13086338?
False
Is 17 a factor of 170712?
False
Is 245640 a multiple of 99?
False
Is 41444 a multiple of 13?
True
Is 186 a factor of 1888315?
False
Is 3780971 a multiple of 18?
False
Does 26 divide 55532?
False
Does 174 divide 190530?
True
Does 25 divide 19525?
True
Is 141 a factor of 754914?
True
Does 16 divide 913552?
True
Is 3087870 a multiple of 238?
False
Is 440942 a multiple of 1363?
False
Is 8 a factor of 358292?
False
Does 7 divide 582049?
False
Does 22 divide 611380?
True
Is 102736 even?
True
Is 712 a factor of 2064041?
False
Is 1068280 a multiple of 345?
False
Is 31 a factor of 10509?
True
Does 2 divide 17618?
True
Is 97 a factor of 1854834?
True
Does 389 divide 754660?
True
Is 180438 a multiple of 366?
True
Is 4315656 a multiple of 1503?
False
Is 2686320 a multiple of 728?
True
Is 39 a factor of 10407?
False
Does 27 divide 1251614?
False
Is 15 a factor of 8898915?
True
Does 763 divide 3079468?
True
Is 59 a factor of 4187790?
False
Is 20 a factor of 462860?
True
Is 44 a factor of 87032?
True
Is 25 a factor of 15503150?
True
Is 107 a factor of 932826?
True
Does 130 divide 166790?
True
Is 12 a factor of 247536?
True
Does 1266 divide 4168938?
True
Is 376610 a multiple of 130?
True
Is 11 a factor of 755190?
False
Is 14 a factor of 590800?
True
Is 285 a factor of 107160?
True
Is 749 a factor of 12934481?
True
Is 108 a factor of 47350?
False
Is 224145 a multiple of 45?
True
Is 527709 a multiple of 88?
False
Does 5 divide 293044?
False
Is 170289 a multiple of 27?
True
Does 25 divide 234108?
False
Is 8778 a multiple of 4?
False
Is 22170 a multiple